{"id":1021,"date":"2022-06-01T16:55:06","date_gmt":"2022-06-01T19:55:06","guid":{"rendered":"https:\/\/kazamais.com.br\/blog\/?post_type=product&#038;p=1021"},"modified":"2022-06-03T14:13:29","modified_gmt":"2022-06-03T17:13:29","slug":"madero-jatoba-externo","status":"publish","type":"product","link":"https:\/\/kazamais.com.br\/blog\/produto\/madero-jatoba-externo\/","title":{"rendered":"Madero Jatob\u00e1"},"content":{"rendered":"<table class=\"specs\">\n<tbody>\n<tr>\n<th>C\u00f3digo<\/th>\n<td>2481A<\/td>\n<\/tr>\n<tr>\n<th>Coeficiente de atrito<\/th>\n<td>&gt;=0,6<\/td>\n<\/tr>\n<tr>\n<th>Varia\u00e7\u00e3o visual<\/th>\n<td>V3<\/td>\n<\/tr>\n<tr>\n<th>Reprodu\u00e7\u00e3o<\/th>\n<td>Madeira<\/td>\n<\/tr>\n<tr>\n<th>N\u00famero de Faces<\/th>\n<td>16<\/td>\n<\/tr>\n<tr>\n<th>Locais de Uso<\/th>\n<td>LE-2<\/td>\n<\/tr>\n<tr>\n<th>Fabricante<\/th>\n<td>\u00a0<img loading=\"lazy\" class=\"alignnone size-medium wp-image-1025\" src=\"https:\/\/kazamais.com.br\/blog\/wp-content\/uploads\/2022\/06\/logo-Vilagres-300x41.png\" alt=\"\" width=\"300\" height=\"41\" srcset=\"https:\/\/kazamais.com.br\/blog\/wp-content\/uploads\/2022\/06\/logo-Vilagres-300x41.png 300w, https:\/\/kazamais.com.br\/blog\/wp-content\/uploads\/2022\/06\/logo-Vilagres-600x81.png 600w, https:\/\/kazamais.com.br\/blog\/wp-content\/uploads\/2022\/06\/logo-Vilagres-1024x139.png 1024w, https:\/\/kazamais.com.br\/blog\/wp-content\/uploads\/2022\/06\/logo-Vilagres-768x104.png 768w, https:\/\/kazamais.com.br\/blog\/wp-content\/uploads\/2022\/06\/logo-Vilagres-1536x208.png 1536w, https:\/\/kazamais.com.br\/blog\/wp-content\/uploads\/2022\/06\/logo-Vilagres.png 1752w\" sizes=\"(max-width: 300px) 100vw, 300px\" \/><\/td>\n<\/tr>\n<tr>\n<th>Tipologia Comercial<\/th>\n<td>Porcelanato esmaltado<\/td>\n<\/tr>\n<tr>\n<th>Acabamento<\/th>\n<td>Externo<\/td>\n<\/tr>\n<tr>\n<th>Junta Piso<\/th>\n<td>2,00 mm<\/td>\n<\/tr>\n<tr>\n<th>Espessura<\/th>\n<td>7 mm<\/td>\n<\/tr>\n<\/tbody>\n<\/table>\n<h2>Embalagem<\/h2>\n<table class=\"specs\">\n<tbody>\n<tr>\n<th>Unidade de Medida<\/th>\n<td>M2<\/td>\n<\/tr>\n<tr>\n<th>m2\/caixa<\/th>\n<td>2,20 m\u00b2<\/td>\n<\/tr>\n<tr>\n<th>Pe\u00e7a\/caixa<\/th>\n<td>9<\/td>\n<\/tr>\n<tr>\n<th>Peso\/caixa<\/th>\n<td>33,10 kg<\/td>\n<\/tr>\n<tr>\n<th>Peso\/pallet<\/th>\n<td>1.076,2 kg<\/td>\n<\/tr>\n<tr>\n<th>m2\/pallet<\/th>\n<td>70,40<\/td>\n<\/tr>\n<tr>\n<th>Caixa\/pallet<\/th>\n<td>32<\/td>\n<\/tr>\n<tr>\n<th>Pe\u00e7a\/pallet<\/th>\n<td>288<\/td>\n<\/tr>\n<\/tbody>\n<\/table>\n","protected":false},"excerpt":{"rendered":"<p>Madero \u00e9 r\u00fastico, com marcas de serra, relevo expressivo e tonalidades quentes, traz a naturalidade e a for\u00e7a da madeira aos espa\u00e7os externos.<\/p>\n","protected":false},"featured_media":1028,"template":"","meta":[],"product_cat":[55],"product_tag":[],"_links":{"self":[{"href":"https:\/\/kazamais.com.br\/blog\/wp-json\/wp\/v2\/product\/1021"}],"collection":[{"href":"https:\/\/kazamais.com.br\/blog\/wp-json\/wp\/v2\/product"}],"about":[{"href":"https:\/\/kazamais.com.br\/blog\/wp-json\/wp\/v2\/types\/product"}],"wp:featuredmedia":[{"embeddable":true,"href":"https:\/\/kazamais.com.br\/blog\/wp-json\/wp\/v2\/media\/1028"}],"wp:attachment":[{"href":"https:\/\/kazamais.com.br\/blog\/wp-json\/wp\/v2\/media?parent=1021"}],"wp:term":[{"taxonomy":"product_cat","embeddable":true,"href":"https:\/\/kazamais.com.br\/blog\/wp-json\/wp\/v2\/product_cat?post=1021"},{"taxonomy":"product_tag","embeddable":true,"href":"https:\/\/kazamais.com.br\/blog\/wp-json\/wp\/v2\/product_tag?post=1021"}],"curies":[{"name":"wp","href":"https:\/\/api.w.org\/{rel}","templated":true}]}}

Madero Jatobá

<table class="specs">
<tbody>
<tr>
<th>Código</th>
<td>2481A</td>
</tr>
<tr>
<th>Coeficiente de atrito</th>
<td>&gt;=0,6</td>
</tr>
<tr>
<th>Variação visual</th>
<td>V3</td>
</tr>
<tr>
<th>Reprodução</th>
<td>Madeira</td>
</tr>
<tr>
<th>Número de Faces</th>
<td>16</td>
</tr>
<tr>
<th>Locais de Uso</th>
<td>LE-2</td>
</tr>
<tr>
<th>Fabricante</th>
<td> <img loading="lazy" class="alignnone size-medium wp-image-1025" src="https://kazamais.com.br/blog/wp-content/uploads/2022/06/logo-Vilagres-300x41.png" alt="" width="300" height="41" srcset="https://kazamais.com.br/blog/wp-content/uploads/2022/06/logo-Vilagres-300x41.png 300w, https://kazamais.com.br/blog/wp-content/uploads/2022/06/logo-Vilagres-600x81.png 600w, https://kazamais.com.br/blog/wp-content/uploads/2022/06/logo-Vilagres-1024x139.png 1024w, https://kazamais.com.br/blog/wp-content/uploads/2022/06/logo-Vilagres-768x104.png 768w, https://kazamais.com.br/blog/wp-content/uploads/2022/06/logo-Vilagres-1536x208.png 1536w, https://kazamais.com.br/blog/wp-content/uploads/2022/06/logo-Vilagres.png 1752w" sizes="(max-width: 300px) 100vw, 300px" /></td>
</tr>
<tr>
<th>Tipologia Comercial</th>
<td>Porcelanato esmaltado</td>
</tr>
<tr>
<th>Acabamento</th>
<td>Externo</td>
</tr>
<tr>
<th>Junta Piso</th>
<td>2,00 mm</td>
</tr>
<tr>
<th>Espessura</th>
<td>7 mm</td>
</tr>
</tbody>
</table>
<h2>Embalagem</h2>
<table class="specs">
<tbody>
<tr>
<th>Unidade de Medida</th>
<td>M2</td>
</tr>
<tr>
<th>m2/caixa</th>
<td>2,20 m²</td>
</tr>
<tr>
<th>Peça/caixa</th>
<td>9</td>
</tr>
<tr>
<th>Peso/caixa</th>
<td>33,10 kg</td>
</tr>
<tr>
<th>Peso/pallet</th>
<td>1.076,2 kg</td>
</tr>
<tr>
<th>m2/pallet</th>
<td>70,40</td>
</tr>
<tr>
<th>Caixa/pallet</th>
<td>32</td>
</tr>
<tr>
<th>Peça/pallet</th>
<td>288</td>
</tr>
</tbody>
</table>

<p>Madero é rústico, com marcas de serra, relevo expressivo e tonalidades quentes, traz a naturalidade e a força da madeira aos espaços externos.</p>
