{"id":1130,"date":"2022-06-02T15:17:50","date_gmt":"2022-06-02T18:17:50","guid":{"rendered":"https:\/\/kazamais.com.br\/blog\/?post_type=product&#038;p=1130"},"modified":"2022-08-24T10:35:18","modified_gmt":"2022-08-24T13:35:18","slug":"classic-white-deco","status":"publish","type":"product","link":"https:\/\/kazamais.com.br\/blog\/produto\/classic-white-deco\/","title":{"rendered":"Classic White Deco"},"content":{"rendered":"<table class=\"specs\">\n<tbody>\n<tr>\n<th>C\u00f3digo<\/th>\n<td>AR72056<\/td>\n<\/tr>\n<tr>\n<th>Borda<\/th>\n<td>Retificado<\/td>\n<\/tr>\n<tr>\n<th>Varia\u00e7\u00e3o visual<\/th>\n<td>V1<\/td>\n<\/tr>\n<tr>\n<th>Acabamento<\/th>\n<td>Relevo 3D<\/td>\n<\/tr>\n<tr>\n<th>N\u00famero de Faces<\/th>\n<td>1<\/td>\n<\/tr>\n<tr>\n<th>Locais de Uso<\/th>\n<td>LA<\/td>\n<\/tr>\n<tr>\n<th>Fabricante<\/th>\n<td><img loading=\"lazy\" class=\"alignnone size-full wp-image-1131\" src=\"https:\/\/kazamais.com.br\/blog\/wp-content\/uploads\/2022\/06\/download.png\" alt=\"\" width=\"280\" height=\"150\" \/><\/td>\n<\/tr>\n<tr>\n<th>Tipologia Comercial<\/th>\n<td>Porcelanato acetinado<\/td>\n<\/tr>\n<tr>\n<th>Tipo<\/th>\n<td>Materiais<\/td>\n<\/tr>\n<tr>\n<th>Junta M\u00ednima<\/th>\n<td>2,00 mm<\/td>\n<\/tr>\n<tr>\n<th>Espessura<\/th>\n<td>10,00 mm<\/td>\n<\/tr>\n<\/tbody>\n<\/table>\n<h2><\/h2>\n<p>&nbsp;<\/p>\n","protected":false},"excerpt":{"rendered":"<p>O produto se trata de um Porcelanato de alt\u00edssima qualidade podendo ser aplicado em diversos ambientes para enriquecer ainda mais a decora\u00e7\u00e3o da sua casa ou ambiente de trabalho.<\/p>\n","protected":false},"featured_media":1132,"template":"","meta":[],"product_cat":[55],"product_tag":[],"_links":{"self":[{"href":"https:\/\/kazamais.com.br\/blog\/wp-json\/wp\/v2\/product\/1130"}],"collection":[{"href":"https:\/\/kazamais.com.br\/blog\/wp-json\/wp\/v2\/product"}],"about":[{"href":"https:\/\/kazamais.com.br\/blog\/wp-json\/wp\/v2\/types\/product"}],"wp:featuredmedia":[{"embeddable":true,"href":"https:\/\/kazamais.com.br\/blog\/wp-json\/wp\/v2\/media\/1132"}],"wp:attachment":[{"href":"https:\/\/kazamais.com.br\/blog\/wp-json\/wp\/v2\/media?parent=1130"}],"wp:term":[{"taxonomy":"product_cat","embeddable":true,"href":"https:\/\/kazamais.com.br\/blog\/wp-json\/wp\/v2\/product_cat?post=1130"},{"taxonomy":"product_tag","embeddable":true,"href":"https:\/\/kazamais.com.br\/blog\/wp-json\/wp\/v2\/product_tag?post=1130"}],"curies":[{"name":"wp","href":"https:\/\/api.w.org\/{rel}","templated":true}]}}